What are the prime factors of y?
1447
Let j = 204 - 140. Let k be (6/(-4))/((-24)/j). List the prime factors of (-12)/(-3 + 9/k).
2
What are the prime factors of 4/((-120)/350)*-93?
5, 7, 31
Let f = 2477 + -1099. List the prime factors of f.
2, 13, 53
Let v(m) = 9*m + 8. Let s(u) = -u**3 + 2*u**2 + 2*u + 1. Let c be s(3). Let f be v(c). Let g = 27 - f. List the prime factors of g.
37
Let q(c) = c - 4. Let u be q(7). Suppose 201 = m + 3*m - u*v, 2*v + 100 = 2*m. What are the prime factors of m?
3, 17
Let z = 712 - 491. List the prime factors of z.
13, 17
Let l be 6/((-3)/12 - -1). Let u be l/20 + (-21)/15. What are the prime factors of (1 - u) + 1*22?
2, 3
Suppose -4*c = 4*g - c - 376, -282 = -3*g + 3*c. What are the prime factors of g?
2, 47
Let r(z) = 17*z**2 - 5*z + 17. What are the prime factors of r(5)?
3, 139
Suppose -5*q = -r - 10, 0 = 2*r + 2*r + 5*q - 35. Suppose 4*x - 5*t = 407, 0 = -2*x + r*t + 13 + 178. List the prime factors of x.
2, 3
Suppose -3*t + 1167 = 6*y - 3*y, 3*y - t = 1163. Suppose 5*p + 18 - y = 0. What are the prime factors of p?
2, 37
Let m = 10 + 64. Suppose m*l - 73*l = 49. List the prime factors of l.
7
What are the prime factors of 978/1 + -1 + -1 + -3?
7, 139
Suppose -4*g = -4*z - 52, -4*g + 66 = -0*z + 3*z. Let m be 0 + g/(-3)*-2. What are the prime factors of (198/15)/(4/m)?
3, 11
Let m(s) = 2*s**3 + s**2 + s - 1. Let c be m(1). Suppose c*j = 9*j + 378. Let y = -36 - j. What are the prime factors of y?
3
Suppose -347*q - 34238 = -364*q. List the prime factors of q.
2, 19, 53
Let i(f) be the third derivative of f**6/120 + f**5/60 - f**4/12 + 11*f**3/2 - 8*f**2. List the prime factors of i(0).
3, 11
Suppose 0 = -z + 154 + 405. List the prime factors of z.
13, 43
Let h(v) be the second derivative of -v**5/20 - 4*v**4/3 + 21*v**2/2 - 2*v. Let t = 7 + -23. List the prime factors of h(t).
3, 7
Let v be (-378)/45*(-20)/6. Suppose -v*f = -20*f - 472. What are the prime factors of f?
59
Let c(q) = 2*q**2 + 4*q - 1. Let k be c(-3). Suppose 0 = -k*a + 31 - 6. Suppose 2*y + 12 = a*m, 3*m - m + 5*y - 28 = 0. List the prime factors of m.
2
Let a(i) = -3*i**2 + 3*i. Let b be a(4). Let k = 100 + b. List the prime factors of k.
2
Let h be 8/5 - 4/(-10). Suppose h*x = 4*x. List the prime factors of 6/18*(102 - x).
2, 17
Suppose -3*v + 19*v - 3600 = 0. List the prime factors of v.
3, 5
Suppose 1332 = 15*x - 10923. What are the prime factors of x?
19, 43
Let x(c) = 2*c**2 + 6*c + 19. Let r be x(-4). Suppose u = -0*s + s - r, 80 = 3*s - 4*u. What are the prime factors of s?
2, 7
Let t be ((-3)/(-2))/((-3)/6). Let r = t - -3. Suppose -q + 3*k + k = -41, r = -q - 3*k + 6. List the prime factors of q.
3, 7
Suppose -5*q + 3*x + 335 = 8*x, 323 = 5*q + x. Let r = q - 23. List the prime factors of r.
41
Suppose 3*v = 213 + 354. List the prime factors of v.
3, 7
Let l(f) = -f**3 - 5*f**2 - 11*f - 65. What are the prime factors of l(-9)?
2, 179
Let g(n) = 20*n**2 - 8*n + 9*n - 5*n**2 - 4 + 2*n**2. What are the prime factors of g(4)?
2, 17
Suppose -2*a = -0*a - 62. Suppose 1 = 2*d - a. List the prime factors of d.
2
Suppose 0 = -35*t + 44*t - 2664. What are the prime factors of t?
2, 37
Let j be 1/(-6)*-2*-6. Let v(n) = n**3 + 5*n**2 + 2*n. Let x be v(j). Suppose -4*a = x, -a = -8*k + 4*k + 70. List the prime factors of k.
17
Let i(c) = c**2 - 11*c + 19. Let h be i(22). Suppose -h = -8*d + 51. What are the prime factors of d?
3, 13
Suppose 0 = 2*z - 4*z - j + 2, -5*j = 10. Suppose z = -2*x + 8. List the prime factors of x.
3
Let i(b) = b**2 - 9*b + 3. Let m be i(9). Suppose -m*d + 32 = -13. Suppose -5*k - 5*g = -25, -k + d = 4*k - 5*g. What are the prime factors of k?
2
Let o(n) = 15*n**2 + 7*n + 5. What are the prime factors of o(-4)?
7, 31
Let i be 2*-10*316/(-16). Suppose -5*j + 10*j = i. List the prime factors of j.
79
Suppose -2*s - 5*z - 9 = 0, z = 4*z + 9. Suppose 0 = f + s*f + 8. What are the prime factors of 534/36 + f/(-12)?
3, 5
Let n(t) = 36*t + 44. List the prime factors of n(0).
2, 11
Let a = 4 + 2. Suppose 0 = l - a*l + 180. Let z = l - 23. What are the prime factors of z?
13
What are the prime factors of 2/1 + -7 + (1668 - -7)?
2, 5, 167
Let c = 6 - 2. Suppose -5*s = -c*n - 339, s - 4*s - 5*n + 233 = 0. What are the prime factors of s?
71
Suppose -12*f = -7*f. Let q be (2 + f)*117/6. Let v = -12 + q. List the prime factors of v.
3
Suppose 2693*w = 2705*w - 8628. List the prime factors of w.
719
Let d = -87 + 29. Let h = d + 115. Let q = -9 + h. List the prime factors of q.
2, 3
List the prime factors of -20*2/5 - -2321.
3, 257
Suppose -20 = 5*d, 0*d + 5*d + 32 = 4*a. Let c = 7 + -5. Suppose a*g = -o - 0*o + 65, 0 = -c*o - 2*g + 146. List the prime factors of o.
7, 11
Let k(n) = -n**3 - 12*n**2 + 8. Suppose 0 = -0*s - 3*s - 36. Let f be k(s). List the prime factors of 1*8*4/f.
2
Let s be (0/6)/(2/1). Suppose s = -t - 2*t - 2*q + 129, q + 172 = 4*t. List the prime factors of t.
43
Let r(i) = -5*i - i**3 + 10*i**2 + 14 - 2 - 3*i + 2*i**2. List the prime factors of r(11).
3, 5
Let c(o) = -315*o**3 - o**2 + 2*o + 1. Let w(z) = 2*z + 11. Let a be w(-6). List the prime factors of c(a).
313
Suppose 143*c = 152*c - 12726. List the prime factors of c.
2, 7, 101
What are the prime factors of 1 - 1/(7/(-3990))?
571
Let o = 4184 - 2345. List the prime factors of o.
3, 613
Let g = -30 - -32. Let r be (0 + 0 - g)*-2. Suppose r*n - 2*o - 20 = 0, -4*n + 8*n = -3*o. List the prime factors of n.
3
Suppose 5*k - 4*x - 784 = 0, -3*x = 3*k - k - 332. List the prime factors of k.
2, 5
Suppose 0 = -0*k - k + 5*i + 9, -4*k = 2*i - 14. Let g(p) = 9*p - 13. What are the prime factors of g(k)?
23
Let v = -71 + 80. Suppose v*g - 43 - 1649 = 0. List the prime factors of g.
2, 47
Suppose -1846 = -5*z - 5*j + 9*j, j + 4 = 0. List the prime factors of z.
2, 3, 61
Let u = 19 + -17. Suppose -u*i = 4*c - 7 - 1, -2*i = 3*c - 4. Suppose c*a + 2*p - 284 = -20, 3*p = -a + 71. What are the prime factors of a?
5, 13
Let s(w) = 14*w**2 - 257*w + 32. List the prime factors of s(25).
2357
Suppose 0 = 2*c - 3*c - 4*g + 46, -4*g = -4*c + 284. Suppose -2*h - 6 = -c. List the prime factors of h.
2, 3, 5
Let b = 573 + -356. Suppose -5*g + 335 = 2*r, 0*g - 3*g + b = -2*r. What are the prime factors of g?
3, 23
Let m(h) be the third derivative of h**4/12 + 2*h**3/3 - 5*h**2. List the prime factors of m(18).
2, 5
Let y = -20 + 39. What are the prime factors of 2/(2/y*1)?
19
Let n be 2/1 + 7/(7/156). Let h = n - 94. What are the prime factors of h?
2
Let n = -7 - -3. What are the prime factors of (-4)/(16/n) - -74?
3, 5
Suppose 23*t - 54208 + 3861 = 0. List the prime factors of t.
11, 199
Let v(p) = -5*p**2 - 22*p - 1. Let q be v(-11). Let o = 608 + q. What are the prime factors of o?
2, 61
Suppose 0 = -2*u - 4*u + 378. Let k = -41 + u. What are the prime factors of k?
2, 11
Suppose 6*t = 86 + 4. Let x be 10/t - (-26)/6. Let b(d) = d**3 - 4*d**2 + d + 3. What are the prime factors of b(x)?
3, 11
Suppose 4 = 4*k + 4*u, -u = -3*k + 4*u + 19. Suppose 800 = -k*b + 8*b. What are the prime factors of b?
2, 5
Suppose 2*g - 2406 - 292 = 0. List the prime factors of g.
19, 71
Let k(f) = -18*f + 33. Let d(n) = -6*n**3 + 3*n - 2. Let l be d(1). List the prime factors of k(l).
3, 41
Let s(k) = -4*k - 53. Let q(j) = 6*j + 79. Let b(g) = -5*q(g) - 8*s(g). Let l be b(-12). List the prime factors of l/(-5) - -6*1.
5
Let b = -84 + 81. What are the prime factors of 693/12 - b/12?
2, 29
Suppose -3*t + 13 = 4*v - 8, -9 = t - 4*v. Suppose 4*z - z = t. List the prime factors of 15 - (z - 2) - 1.
3, 5
Let u = 7048 + -1746. What are the prime factors of u?
2, 11, 241
Let p(k) = -5*k - 5. Let n be p(-7). Suppose -n = c + 2*c. Let z = 23 + c. List the prime factors of z.
13
Let h(w) = 20*w**2 + 48*w + 1. What are the prime factors of h(5)?
3, 13, 19
Let t(r) = 186*r**2 - 4*r + 3. Let a(o) = -373*o**2 + 9*o - 7. Let c(g) = 2*a(g) + 5*t(g). Let q be c(1). Let x = -123 + q. List the prime factors of x.
2, 3, 5
Let y(v) = 374*v**2 + 2*v + 2. Let z be y(-1). Suppose 526 = 4*w + m - 237, 0 = -2*w + 2*m + z. What are the prime factors of w?
2, 5, 19
Let v(m) = -m**2 - 13*m + 3. Let i be v(-12). Suppose 2*z - i = z. List the prime factors of z.
3, 5
Let o(p) = 37*p - 8. Suppose 4 = -6*m + 16. List the prime 